


{"id":4567,"date":"2024-02-08T12:38:04","date_gmt":"2024-02-08T12:38:04","guid":{"rendered":"https:\/\/laorquideadedarwin.com\/?post_type=product&#038;p=4567"},"modified":"2024-10-18T04:04:52","modified_gmt":"2024-10-18T04:04:52","slug":"betlem-petrie-i-el-misteri-de-la-torre","status":"publish","type":"product","link":"https:\/\/laorquideadedarwin.com\/va\/libro\/betlem-petrie-i-el-misteri-de-la-torre\/","title":{"rendered":"Betlem Petrie i el misteri de la torre"},"content":{"rendered":"<p>Una conte d&#8217;educaci\u00f3 ambiental sobre el patrimoni hist\u00f2ric i cultural de Torrent. Ens permet descobrir les tradicions, la gastronomia i la hist\u00f2ria des del neol\u00edtic fins a l&#8217;actualitat. El llibre ens acosta, de forma amena, els vestigis prehist\u00f2rics, els romans, la incid\u00e8ncia musulmana en el territori, la ciutat medieval, la transformaci\u00f3 del paisatge i la hist\u00f2ria local vinculada a l&#8217;aigua&#8230; El punt de partida \u00e9s la torre andalusina, l&#8217;element identificatiu de la ciutat i on s&#8217;inicia l&#8217;aventura.<\/p>\n<p>Els protagonistes, l&#8217;arque\u00f2loga Betlem Petrie, i els seus amics, coneixeran al iaio Granera, que els conta un misteri que amaga la torre, un possible tresor andalus\u00ed. Per a descobrir si aquesta hist\u00f2ria \u00e9s real, i el iaioi no est\u00e0 boig, hauran de posar en pr\u00e0ctica les seues habilitats amb uns personatges molt particulars que van viure la hist\u00f2ria de Torrent, des de l&#8217;\u00e8poca de Jaume I.<\/p>\n","protected":false},"excerpt":{"rendered":"<p>El iaio Granera coneix el misteri que s&#8217;amaga en la torre de Torrent i que oculten els espectres. La gent pensa que est\u00e0 un poc boig. L&#8217;arque\u00f2loga Betlem Petrie i els seus amics, han de descobrir si el que el iaio conta \u00e9s cert.<\/p>\n<p>Una aventura que ens permet con\u00e9ixer la hist\u00f2ria i el patrimoni de Torrent, i que ha comptat amb el suport de l&#8217;ajuntament d&#8217;aquesta localitat.<\/p>\n","protected":false},"author":1,"featured_media":5419,"comment_status":"open","ping_status":"closed","template":"","meta":{"_acf_changed":false},"product_brand":[],"product_cat":[129,120,122],"product_tag":[133,499,480,533,228,127],"class_list":{"0":"post-4567","1":"product","2":"type-product","3":"status-publish","4":"has-post-thumbnail","6":"rangos-de-6-a-9-anys","7":"rangos-de-9-a-12-anys","8":"product_cat-aigua","9":"product_cat-historia-va","10":"product_cat-patrimoni-historic","11":"product_tag-aigua","12":"product_tag-alimentacio","13":"product_tag-amistat","14":"product_tag-cultura-va","15":"product_tag-edicio-valencia","16":"product_tag-historia-va","17":"autor-j-albano-lopez","19":"first","20":"outofstock","21":"taxable","22":"shipping-taxable","23":"purchasable","24":"product-type-simple"},"acf":[],"yoast_head":"<!-- This site is optimized with the Yoast SEO plugin v26.7 - https:\/\/yoast.com\/wordpress\/plugins\/seo\/ -->\n<title>Betlem Petrie i el misteri de la torre - La Orqu\u00eddea de Darwin<\/title>\n<meta name=\"description\" content=\"Tercer cuento de Bel\u00e9n Petrie. Una historia llena de misterio, leyendas y mitos que conectan la cultura mediterr\u00e1nea: la leyenda del Caro o el minotauro.\" \/>\n<meta name=\"robots\" content=\"index, follow, max-snippet:-1, max-image-preview:large, max-video-preview:-1\" \/>\n<link rel=\"canonical\" href=\"https:\/\/laorquideadedarwin.com\/va\/libro\/betlem-petrie-i-el-misteri-de-la-torre\/\" \/>\n<meta property=\"og:locale\" content=\"en_US\" \/>\n<meta property=\"og:type\" content=\"article\" \/>\n<meta property=\"og:title\" content=\"Betlem Petrie i el misteri de la torre - La Orqu\u00eddea de Darwin\" \/>\n<meta property=\"og:description\" content=\"Tercer cuento de Bel\u00e9n Petrie. Una historia llena de misterio, leyendas y mitos que conectan la cultura mediterr\u00e1nea: la leyenda del Caro o el minotauro.\" \/>\n<meta property=\"og:url\" content=\"https:\/\/laorquideadedarwin.com\/va\/libro\/betlem-petrie-i-el-misteri-de-la-torre\/\" \/>\n<meta property=\"og:site_name\" content=\"La Orqu\u00eddea de Darwin\" \/>\n<meta property=\"article:modified_time\" content=\"2024-10-18T04:04:52+00:00\" \/>\n<meta property=\"og:image\" content=\"https:\/\/laorquideadedarwin.com\/wp-content\/uploads\/2024\/02\/Betlem_Petrie_el_misteri_de_la_torre.jpg\" \/>\n\t<meta property=\"og:image:width\" content=\"632\" \/>\n\t<meta property=\"og:image:height\" content=\"899\" \/>\n\t<meta property=\"og:image:type\" content=\"image\/jpeg\" \/>\n<meta name=\"twitter:card\" content=\"summary_large_image\" \/>\n<meta name=\"twitter:label1\" content=\"Est. reading time\" \/>\n\t<meta name=\"twitter:data1\" content=\"1 minute\" \/>\n<script type=\"application\/ld+json\" class=\"yoast-schema-graph\">{\"@context\":\"https:\/\/schema.org\",\"@graph\":[{\"@type\":\"WebPage\",\"@id\":\"https:\/\/laorquideadedarwin.com\/va\/libro\/betlem-petrie-i-el-misteri-de-la-torre\/\",\"url\":\"https:\/\/laorquideadedarwin.com\/va\/libro\/betlem-petrie-i-el-misteri-de-la-torre\/\",\"name\":\"Betlem Petrie i el misteri de la torre - La Orqu\u00eddea de Darwin\",\"isPartOf\":{\"@id\":\"https:\/\/laorquideadedarwin.com\/#website\"},\"primaryImageOfPage\":{\"@id\":\"https:\/\/laorquideadedarwin.com\/va\/libro\/betlem-petrie-i-el-misteri-de-la-torre\/#primaryimage\"},\"image\":{\"@id\":\"https:\/\/laorquideadedarwin.com\/va\/libro\/betlem-petrie-i-el-misteri-de-la-torre\/#primaryimage\"},\"thumbnailUrl\":\"https:\/\/laorquideadedarwin.com\/wp-content\/uploads\/2024\/10\/Betlem_Petrie_el_misteri_de_la_torre.jpg\",\"datePublished\":\"2024-02-08T12:38:04+00:00\",\"dateModified\":\"2024-10-18T04:04:52+00:00\",\"description\":\"Tercer cuento de Bel\u00e9n Petrie. Una historia llena de misterio, leyendas y mitos que conectan la cultura mediterr\u00e1nea: la leyenda del Caro o el minotauro.\",\"breadcrumb\":{\"@id\":\"https:\/\/laorquideadedarwin.com\/va\/libro\/betlem-petrie-i-el-misteri-de-la-torre\/#breadcrumb\"},\"inLanguage\":\"ca\",\"potentialAction\":[{\"@type\":\"ReadAction\",\"target\":[\"https:\/\/laorquideadedarwin.com\/va\/libro\/betlem-petrie-i-el-misteri-de-la-torre\/\"]}]},{\"@type\":\"ImageObject\",\"inLanguage\":\"ca\",\"@id\":\"https:\/\/laorquideadedarwin.com\/va\/libro\/betlem-petrie-i-el-misteri-de-la-torre\/#primaryimage\",\"url\":\"https:\/\/laorquideadedarwin.com\/wp-content\/uploads\/2024\/10\/Betlem_Petrie_el_misteri_de_la_torre.jpg\",\"contentUrl\":\"https:\/\/laorquideadedarwin.com\/wp-content\/uploads\/2024\/10\/Betlem_Petrie_el_misteri_de_la_torre.jpg\",\"width\":632,\"height\":899},{\"@type\":\"BreadcrumbList\",\"@id\":\"https:\/\/laorquideadedarwin.com\/va\/libro\/betlem-petrie-i-el-misteri-de-la-torre\/#breadcrumb\",\"itemListElement\":[{\"@type\":\"ListItem\",\"position\":1,\"name\":\"Portada\",\"item\":\"https:\/\/laorquideadedarwin.com\/va\/\"},{\"@type\":\"ListItem\",\"position\":2,\"name\":\"Llibres\",\"item\":\"https:\/\/laorquideadedarwin.com\/va\/llibres\/\"},{\"@type\":\"ListItem\",\"position\":3,\"name\":\"Betlem Petrie i el misteri de la torre\"}]},{\"@type\":\"WebSite\",\"@id\":\"https:\/\/laorquideadedarwin.com\/#website\",\"url\":\"https:\/\/laorquideadedarwin.com\/\",\"name\":\"La Orqu\u00eddea de Darwin\",\"description\":\"Colecci\u00f3n de cuentos sobre temas ambientales\",\"potentialAction\":[{\"@type\":\"SearchAction\",\"target\":{\"@type\":\"EntryPoint\",\"urlTemplate\":\"https:\/\/laorquideadedarwin.com\/?s={search_term_string}\"},\"query-input\":{\"@type\":\"PropertyValueSpecification\",\"valueRequired\":true,\"valueName\":\"search_term_string\"}}],\"inLanguage\":\"ca\"}]}<\/script>\n<!-- \/ Yoast SEO plugin. -->","yoast_head_json":{"title":"Betlem Petrie i el misteri de la torre - La Orqu\u00eddea de Darwin","description":"Tercer cuento de Bel\u00e9n Petrie. Una historia llena de misterio, leyendas y mitos que conectan la cultura mediterr\u00e1nea: la leyenda del Caro o el minotauro.","robots":{"index":"index","follow":"follow","max-snippet":"max-snippet:-1","max-image-preview":"max-image-preview:large","max-video-preview":"max-video-preview:-1"},"canonical":"https:\/\/laorquideadedarwin.com\/va\/libro\/betlem-petrie-i-el-misteri-de-la-torre\/","og_locale":"en_US","og_type":"article","og_title":"Betlem Petrie i el misteri de la torre - La Orqu\u00eddea de Darwin","og_description":"Tercer cuento de Bel\u00e9n Petrie. Una historia llena de misterio, leyendas y mitos que conectan la cultura mediterr\u00e1nea: la leyenda del Caro o el minotauro.","og_url":"https:\/\/laorquideadedarwin.com\/va\/libro\/betlem-petrie-i-el-misteri-de-la-torre\/","og_site_name":"La Orqu\u00eddea de Darwin","article_modified_time":"2024-10-18T04:04:52+00:00","og_image":[{"width":632,"height":899,"url":"https:\/\/laorquideadedarwin.com\/wp-content\/uploads\/2024\/02\/Betlem_Petrie_el_misteri_de_la_torre.jpg","type":"image\/jpeg"}],"twitter_card":"summary_large_image","twitter_misc":{"Est. reading time":"1 minute"},"schema":{"@context":"https:\/\/schema.org","@graph":[{"@type":"WebPage","@id":"https:\/\/laorquideadedarwin.com\/va\/libro\/betlem-petrie-i-el-misteri-de-la-torre\/","url":"https:\/\/laorquideadedarwin.com\/va\/libro\/betlem-petrie-i-el-misteri-de-la-torre\/","name":"Betlem Petrie i el misteri de la torre - La Orqu\u00eddea de Darwin","isPartOf":{"@id":"https:\/\/laorquideadedarwin.com\/#website"},"primaryImageOfPage":{"@id":"https:\/\/laorquideadedarwin.com\/va\/libro\/betlem-petrie-i-el-misteri-de-la-torre\/#primaryimage"},"image":{"@id":"https:\/\/laorquideadedarwin.com\/va\/libro\/betlem-petrie-i-el-misteri-de-la-torre\/#primaryimage"},"thumbnailUrl":"https:\/\/laorquideadedarwin.com\/wp-content\/uploads\/2024\/10\/Betlem_Petrie_el_misteri_de_la_torre.jpg","datePublished":"2024-02-08T12:38:04+00:00","dateModified":"2024-10-18T04:04:52+00:00","description":"Tercer cuento de Bel\u00e9n Petrie. Una historia llena de misterio, leyendas y mitos que conectan la cultura mediterr\u00e1nea: la leyenda del Caro o el minotauro.","breadcrumb":{"@id":"https:\/\/laorquideadedarwin.com\/va\/libro\/betlem-petrie-i-el-misteri-de-la-torre\/#breadcrumb"},"inLanguage":"ca","potentialAction":[{"@type":"ReadAction","target":["https:\/\/laorquideadedarwin.com\/va\/libro\/betlem-petrie-i-el-misteri-de-la-torre\/"]}]},{"@type":"ImageObject","inLanguage":"ca","@id":"https:\/\/laorquideadedarwin.com\/va\/libro\/betlem-petrie-i-el-misteri-de-la-torre\/#primaryimage","url":"https:\/\/laorquideadedarwin.com\/wp-content\/uploads\/2024\/10\/Betlem_Petrie_el_misteri_de_la_torre.jpg","contentUrl":"https:\/\/laorquideadedarwin.com\/wp-content\/uploads\/2024\/10\/Betlem_Petrie_el_misteri_de_la_torre.jpg","width":632,"height":899},{"@type":"BreadcrumbList","@id":"https:\/\/laorquideadedarwin.com\/va\/libro\/betlem-petrie-i-el-misteri-de-la-torre\/#breadcrumb","itemListElement":[{"@type":"ListItem","position":1,"name":"Portada","item":"https:\/\/laorquideadedarwin.com\/va\/"},{"@type":"ListItem","position":2,"name":"Llibres","item":"https:\/\/laorquideadedarwin.com\/va\/llibres\/"},{"@type":"ListItem","position":3,"name":"Betlem Petrie i el misteri de la torre"}]},{"@type":"WebSite","@id":"https:\/\/laorquideadedarwin.com\/#website","url":"https:\/\/laorquideadedarwin.com\/","name":"La Orqu\u00eddea de Darwin","description":"Colecci\u00f3n de cuentos sobre temas ambientales","potentialAction":[{"@type":"SearchAction","target":{"@type":"EntryPoint","urlTemplate":"https:\/\/laorquideadedarwin.com\/?s={search_term_string}"},"query-input":{"@type":"PropertyValueSpecification","valueRequired":true,"valueName":"search_term_string"}}],"inLanguage":"ca"}]}},"_links":{"self":[{"href":"https:\/\/laorquideadedarwin.com\/va\/wp-json\/wp\/v2\/product\/4567","targetHints":{"allow":["GET"]}}],"collection":[{"href":"https:\/\/laorquideadedarwin.com\/va\/wp-json\/wp\/v2\/product"}],"about":[{"href":"https:\/\/laorquideadedarwin.com\/va\/wp-json\/wp\/v2\/types\/product"}],"author":[{"embeddable":true,"href":"https:\/\/laorquideadedarwin.com\/va\/wp-json\/wp\/v2\/users\/1"}],"replies":[{"embeddable":true,"href":"https:\/\/laorquideadedarwin.com\/va\/wp-json\/wp\/v2\/comments?post=4567"}],"wp:featuredmedia":[{"embeddable":true,"href":"https:\/\/laorquideadedarwin.com\/va\/wp-json\/wp\/v2\/media\/5419"}],"wp:attachment":[{"href":"https:\/\/laorquideadedarwin.com\/va\/wp-json\/wp\/v2\/media?parent=4567"}],"wp:term":[{"taxonomy":"product_brand","embeddable":true,"href":"https:\/\/laorquideadedarwin.com\/va\/wp-json\/wp\/v2\/product_brand?post=4567"},{"taxonomy":"product_cat","embeddable":true,"href":"https:\/\/laorquideadedarwin.com\/va\/wp-json\/wp\/v2\/product_cat?post=4567"},{"taxonomy":"product_tag","embeddable":true,"href":"https:\/\/laorquideadedarwin.com\/va\/wp-json\/wp\/v2\/product_tag?post=4567"}],"curies":[{"name":"wp","href":"https:\/\/api.w.org\/{rel}","templated":true}]}}

<p>Una conte d&#8217;educació ambiental sobre el patrimoni històric i cultural de Torrent. Ens permet descobrir les tradicions, la gastronomia i la història des del neolític fins a l&#8217;actualitat. El llibre ens acosta, de forma amena, els vestigis prehistòrics, els romans, la incidència musulmana en el territori, la ciutat medieval, la transformació del paisatge i la història local vinculada a l&#8217;aigua&#8230; El punt de partida és la torre andalusina, l&#8217;element identificatiu de la ciutat i on s&#8217;inicia l&#8217;aventura.</p>
<p>Els protagonistes, l&#8217;arqueòloga Betlem Petrie, i els seus amics, coneixeran al iaio Granera, que els conta un misteri que amaga la torre, un possible tresor andalusí. Per a descobrir si aquesta història és real, i el iaioi no està boig, hauran de posar en pràctica les seues habilitats amb uns personatges molt particulars que van viure la història de Torrent, des de l&#8217;època de Jaume I.</p>

<p>El iaio Granera coneix el misteri que s&#8217;amaga en la torre de Torrent i que oculten els espectres. La gent pensa que està un poc boig. L&#8217;arqueòloga Betlem Petrie i els seus amics, han de descobrir si el que el iaio conta és cert.</p>
<p>Una aventura que ens permet conéixer la història i el patrimoni de Torrent, i que ha comptat amb el suport de l&#8217;ajuntament d&#8217;aquesta localitat.</p>

<!-- This site is optimized with the Yoast SEO plugin v26.7 - https://yoast.com/wordpress/plugins/seo/ -->
<title>Betlem Petrie i el misteri de la torre - La Orquídea de Darwin</title>
<meta name="description" content="Tercer cuento de Belén Petrie. Una historia llena de misterio, leyendas y mitos que conectan la cultura mediterránea: la leyenda del Caro o el minotauro." />
<meta name="robots" content="index, follow, max-snippet:-1, max-image-preview:large, max-video-preview:-1" />
<link rel="canonical" href="https://laorquideadedarwin.com/va/libro/betlem-petrie-i-el-misteri-de-la-torre/" />
<meta property="og:locale" content="en_US" />
<meta property="og:type" content="article" />
<meta property="og:title" content="Betlem Petrie i el misteri de la torre - La Orquídea de Darwin" />
<meta property="og:description" content="Tercer cuento de Belén Petrie. Una historia llena de misterio, leyendas y mitos que conectan la cultura mediterránea: la leyenda del Caro o el minotauro." />
<meta property="og:url" content="https://laorquideadedarwin.com/va/libro/betlem-petrie-i-el-misteri-de-la-torre/" />
<meta property="og:site_name" content="La Orquídea de Darwin" />
<meta property="article:modified_time" content="2024-10-18T04:04:52+00:00" />
<meta property="og:image" content="https://laorquideadedarwin.com/wp-content/uploads/2024/02/Betlem_Petrie_el_misteri_de_la_torre.jpg" />
	<meta property="og:image:width" content="632" />
	<meta property="og:image:height" content="899" />
	<meta property="og:image:type" content="image/jpeg" />
<meta name="twitter:card" content="summary_large_image" />
<meta name="twitter:label1" content="Est. reading time" />
	<meta name="twitter:data1" content="1 minute" />
<script type="application/ld+json" class="yoast-schema-graph">{"@context":"https://schema.org","@graph":[{"@type":"WebPage","@id":"https://laorquideadedarwin.com/va/libro/betlem-petrie-i-el-misteri-de-la-torre/","url":"https://laorquideadedarwin.com/va/libro/betlem-petrie-i-el-misteri-de-la-torre/","name":"Betlem Petrie i el misteri de la torre - La Orquídea de Darwin","isPartOf":{"@id":"https://laorquideadedarwin.com/#website"},"primaryImageOfPage":{"@id":"https://laorquideadedarwin.com/va/libro/betlem-petrie-i-el-misteri-de-la-torre/#primaryimage"},"image":{"@id":"https://laorquideadedarwin.com/va/libro/betlem-petrie-i-el-misteri-de-la-torre/#primaryimage"},"thumbnailUrl":"https://laorquideadedarwin.com/wp-content/uploads/2024/10/Betlem_Petrie_el_misteri_de_la_torre.jpg","datePublished":"2024-02-08T12:38:04+00:00","dateModified":"2024-10-18T04:04:52+00:00","description":"Tercer cuento de Belén Petrie. Una historia llena de misterio, leyendas y mitos que conectan la cultura mediterránea: la leyenda del Caro o el minotauro.","breadcrumb":{"@id":"https://laorquideadedarwin.com/va/libro/betlem-petrie-i-el-misteri-de-la-torre/#breadcrumb"},"inLanguage":"ca","potentialAction":[{"@type":"ReadAction","target":["https://laorquideadedarwin.com/va/libro/betlem-petrie-i-el-misteri-de-la-torre/"]}]},{"@type":"ImageObject","inLanguage":"ca","@id":"https://laorquideadedarwin.com/va/libro/betlem-petrie-i-el-misteri-de-la-torre/#primaryimage","url":"https://laorquideadedarwin.com/wp-content/uploads/2024/10/Betlem_Petrie_el_misteri_de_la_torre.jpg","contentUrl":"https://laorquideadedarwin.com/wp-content/uploads/2024/10/Betlem_Petrie_el_misteri_de_la_torre.jpg","width":632,"height":899},{"@type":"BreadcrumbList","@id":"https://laorquideadedarwin.com/va/libro/betlem-petrie-i-el-misteri-de-la-torre/#breadcrumb","itemListElement":[{"@type":"ListItem","position":1,"name":"Portada","item":"https://laorquideadedarwin.com/va/"},{"@type":"ListItem","position":2,"name":"Llibres","item":"https://laorquideadedarwin.com/va/llibres/"},{"@type":"ListItem","position":3,"name":"Betlem Petrie i el misteri de la torre"}]},{"@type":"WebSite","@id":"https://laorquideadedarwin.com/#website","url":"https://laorquideadedarwin.com/","name":"La Orquídea de Darwin","description":"Colección de cuentos sobre temas ambientales","potentialAction":[{"@type":"SearchAction","target":{"@type":"EntryPoint","urlTemplate":"https://laorquideadedarwin.com/?s={search_term_string}"},"query-input":{"@type":"PropertyValueSpecification","valueRequired":true,"valueName":"search_term_string"}}],"inLanguage":"ca"}]}</script>
<!-- / Yoast SEO plugin. -->

Betlem Petrie i el misteri de la torre - La Orquídea de Darwin

Tercer cuento de Belén Petrie. Una historia llena de misterio, leyendas y mitos que conectan la cultura mediterránea: la leyenda del Caro o el minotauro.

La Orquídea de Darwin

Colección de cuentos sobre temas ambientales
