


{"id":2773,"date":"2019-06-04T11:00:18","date_gmt":"2019-06-04T11:00:19","guid":{"rendered":"https:\/\/laorquideadedarwin.com\/?post_type=product&#038;p=2773"},"modified":"2023-01-25T16:36:53","modified_gmt":"2023-01-25T16:36:53","slug":"la-doctora-residu","status":"publish","type":"product","link":"https:\/\/laorquideadedarwin.com\/va\/libro\/la-doctora-residu\/","title":{"rendered":"La Doctora Residu. Edici\u00f3 Valenci\u00e0"},"content":{"rendered":"<p>Una hist\u00f2ria on la doctora Residu tracta a uns personatges molt particulars: els contenidors de recollida selectiva, que parlen dels seus problemes de salut i les seues pors. El conte ajuda a con\u00e9ixer els diferents contenidors de recollida selectiva, incl\u00f2s el nou contenidor per a la mat\u00e8ria org\u00e0nica. Les malalties dels contenidors estan associades a una \u00abmala dieta\u00bb: indigesti\u00f3, obesitat, desnutrici\u00f3\u2026 pel que el conte tamb\u00e9 \u00e9s una met\u00e0fora d&#8217;una alimentaci\u00f3 equilibrada.<\/p>\n<p>&nbsp;<\/p>\n<p>&nbsp;<\/p>\n","protected":false},"excerpt":{"rendered":"<p>Els contenidors de la ciutat han emmalaltit. El groc i el verd tenen indigesti\u00f3; el de restes obesitat; i el nou contenidor de mat\u00e8ria org\u00e0nica, desnutrici\u00f3. La doctora Residu investigar\u00e0 per a descobrir la causa del problema i trobar una soluci\u00f3.<\/p>\n<p>Una hist\u00f2ria urbana per a aprendre i per a l&#8217;educaci\u00f3 ambiental sobre la gesti\u00f3 dels residus s\u00f2lids, sobre com participar en les solucions i ajudar a millorar el medi ambient, el lloc on vivim.<\/p>\n<p>&nbsp;<\/p>\n","protected":false},"author":1,"featured_media":2775,"comment_status":"open","ping_status":"closed","template":"","meta":{"_acf_changed":false},"product_brand":[],"product_cat":[130,246,148],"product_tag":[228,481,497,454,453],"class_list":{"0":"post-2773","1":"product","2":"type-product","3":"status-publish","4":"has-post-thumbnail","6":"Personajes-doctora-residu-va","7":"rangos-de-6-a-9-anys","8":"rangos-de-9-a-12-anys","9":"product_cat-ecologia-va","10":"product_cat-residus","11":"product_cat-sostenibilitat","12":"product_tag-edicio-valencia","13":"product_tag-problematica-ambiental-va","14":"product_tag-reciclatge","15":"product_tag-residus","16":"product_tag-reutilizacio","17":"autor-pedro-simon","18":"autor-victor-benlloch","20":"first","21":"instock","22":"taxable","23":"shipping-taxable","24":"purchasable","25":"product-type-simple"},"acf":[],"yoast_head":"<!-- This site is optimized with the Yoast SEO plugin v26.7 - https:\/\/yoast.com\/wordpress\/plugins\/seo\/ -->\n<title>La Doctora Residu. Edici\u00f3 Valenci\u00e0 - La Orqu\u00eddea de Darwin<\/title>\n<meta name=\"robots\" content=\"index, follow, max-snippet:-1, max-image-preview:large, max-video-preview:-1\" \/>\n<link rel=\"canonical\" href=\"https:\/\/laorquideadedarwin.com\/va\/libro\/la-doctora-residu\/\" \/>\n<meta property=\"og:locale\" content=\"en_US\" \/>\n<meta property=\"og:type\" content=\"article\" \/>\n<meta property=\"og:title\" content=\"La Doctora Residu. Edici\u00f3 Valenci\u00e0 - La Orqu\u00eddea de Darwin\" \/>\n<meta property=\"og:description\" content=\"Els contenidors de la ciutat han emmalaltit. El groc i el verd tenen indigesti\u00f3; el de restes obesitat; i el nou contenidor de mat\u00e8ria org\u00e0nica, desnutrici\u00f3. La doctora Residu investigar\u00e0 per a descobrir la causa del problema i trobar una soluci\u00f3.  Una hist\u00f2ria urbana per a aprendre i per a l&#039;educaci\u00f3 ambiental sobre la gesti\u00f3 dels residus s\u00f2lids, sobre com participar en les solucions i ajudar a millorar el medi ambient, el lloc on vivim.  &nbsp;\" \/>\n<meta property=\"og:url\" content=\"https:\/\/laorquideadedarwin.com\/va\/libro\/la-doctora-residu\/\" \/>\n<meta property=\"og:site_name\" content=\"La Orqu\u00eddea de Darwin\" \/>\n<meta property=\"article:modified_time\" content=\"2023-01-25T16:36:53+00:00\" \/>\n<meta property=\"og:image\" content=\"https:\/\/laorquideadedarwin.com\/wp-content\/uploads\/2019\/06\/portada-doctora.jpg\" \/>\n\t<meta property=\"og:image:width\" content=\"555\" \/>\n\t<meta property=\"og:image:height\" content=\"710\" \/>\n\t<meta property=\"og:image:type\" content=\"image\/jpeg\" \/>\n<meta name=\"twitter:card\" content=\"summary_large_image\" \/>\n<meta name=\"twitter:label1\" content=\"Est. reading time\" \/>\n\t<meta name=\"twitter:data1\" content=\"1 minute\" \/>\n<script type=\"application\/ld+json\" class=\"yoast-schema-graph\">{\"@context\":\"https:\/\/schema.org\",\"@graph\":[{\"@type\":\"WebPage\",\"@id\":\"https:\/\/laorquideadedarwin.com\/va\/libro\/la-doctora-residu\/\",\"url\":\"https:\/\/laorquideadedarwin.com\/va\/libro\/la-doctora-residu\/\",\"name\":\"La Doctora Residu. Edici\u00f3 Valenci\u00e0 - La Orqu\u00eddea de Darwin\",\"isPartOf\":{\"@id\":\"https:\/\/laorquideadedarwin.com\/#website\"},\"primaryImageOfPage\":{\"@id\":\"https:\/\/laorquideadedarwin.com\/va\/libro\/la-doctora-residu\/#primaryimage\"},\"image\":{\"@id\":\"https:\/\/laorquideadedarwin.com\/va\/libro\/la-doctora-residu\/#primaryimage\"},\"thumbnailUrl\":\"https:\/\/laorquideadedarwin.com\/wp-content\/uploads\/2019\/06\/portada-doctora.jpg\",\"datePublished\":\"2019-06-04T11:00:19+00:00\",\"dateModified\":\"2023-01-25T16:36:53+00:00\",\"breadcrumb\":{\"@id\":\"https:\/\/laorquideadedarwin.com\/va\/libro\/la-doctora-residu\/#breadcrumb\"},\"inLanguage\":\"ca\",\"potentialAction\":[{\"@type\":\"ReadAction\",\"target\":[\"https:\/\/laorquideadedarwin.com\/va\/libro\/la-doctora-residu\/\"]}]},{\"@type\":\"ImageObject\",\"inLanguage\":\"ca\",\"@id\":\"https:\/\/laorquideadedarwin.com\/va\/libro\/la-doctora-residu\/#primaryimage\",\"url\":\"https:\/\/laorquideadedarwin.com\/wp-content\/uploads\/2019\/06\/portada-doctora.jpg\",\"contentUrl\":\"https:\/\/laorquideadedarwin.com\/wp-content\/uploads\/2019\/06\/portada-doctora.jpg\",\"width\":555,\"height\":710,\"caption\":\"doctora residu\"},{\"@type\":\"BreadcrumbList\",\"@id\":\"https:\/\/laorquideadedarwin.com\/va\/libro\/la-doctora-residu\/#breadcrumb\",\"itemListElement\":[{\"@type\":\"ListItem\",\"position\":1,\"name\":\"Portada\",\"item\":\"https:\/\/laorquideadedarwin.com\/va\/\"},{\"@type\":\"ListItem\",\"position\":2,\"name\":\"Llibres\",\"item\":\"https:\/\/laorquideadedarwin.com\/va\/llibres\/\"},{\"@type\":\"ListItem\",\"position\":3,\"name\":\"La Doctora Residu. Edici\u00f3 Valenci\u00e0\"}]},{\"@type\":\"WebSite\",\"@id\":\"https:\/\/laorquideadedarwin.com\/#website\",\"url\":\"https:\/\/laorquideadedarwin.com\/\",\"name\":\"La Orqu\u00eddea de Darwin\",\"description\":\"Colecci\u00f3n de cuentos sobre temas ambientales\",\"potentialAction\":[{\"@type\":\"SearchAction\",\"target\":{\"@type\":\"EntryPoint\",\"urlTemplate\":\"https:\/\/laorquideadedarwin.com\/?s={search_term_string}\"},\"query-input\":{\"@type\":\"PropertyValueSpecification\",\"valueRequired\":true,\"valueName\":\"search_term_string\"}}],\"inLanguage\":\"ca\"}]}<\/script>\n<!-- \/ Yoast SEO plugin. -->","yoast_head_json":{"title":"La Doctora Residu. Edici\u00f3 Valenci\u00e0 - La Orqu\u00eddea de Darwin","robots":{"index":"index","follow":"follow","max-snippet":"max-snippet:-1","max-image-preview":"max-image-preview:large","max-video-preview":"max-video-preview:-1"},"canonical":"https:\/\/laorquideadedarwin.com\/va\/libro\/la-doctora-residu\/","og_locale":"en_US","og_type":"article","og_title":"La Doctora Residu. Edici\u00f3 Valenci\u00e0 - La Orqu\u00eddea de Darwin","og_description":"Els contenidors de la ciutat han emmalaltit. El groc i el verd tenen indigesti\u00f3; el de restes obesitat; i el nou contenidor de mat\u00e8ria org\u00e0nica, desnutrici\u00f3. La doctora Residu investigar\u00e0 per a descobrir la causa del problema i trobar una soluci\u00f3.  Una hist\u00f2ria urbana per a aprendre i per a l'educaci\u00f3 ambiental sobre la gesti\u00f3 dels residus s\u00f2lids, sobre com participar en les solucions i ajudar a millorar el medi ambient, el lloc on vivim.  &nbsp;","og_url":"https:\/\/laorquideadedarwin.com\/va\/libro\/la-doctora-residu\/","og_site_name":"La Orqu\u00eddea de Darwin","article_modified_time":"2023-01-25T16:36:53+00:00","og_image":[{"width":555,"height":710,"url":"https:\/\/laorquideadedarwin.com\/wp-content\/uploads\/2019\/06\/portada-doctora.jpg","type":"image\/jpeg"}],"twitter_card":"summary_large_image","twitter_misc":{"Est. reading time":"1 minute"},"schema":{"@context":"https:\/\/schema.org","@graph":[{"@type":"WebPage","@id":"https:\/\/laorquideadedarwin.com\/va\/libro\/la-doctora-residu\/","url":"https:\/\/laorquideadedarwin.com\/va\/libro\/la-doctora-residu\/","name":"La Doctora Residu. Edici\u00f3 Valenci\u00e0 - La Orqu\u00eddea de Darwin","isPartOf":{"@id":"https:\/\/laorquideadedarwin.com\/#website"},"primaryImageOfPage":{"@id":"https:\/\/laorquideadedarwin.com\/va\/libro\/la-doctora-residu\/#primaryimage"},"image":{"@id":"https:\/\/laorquideadedarwin.com\/va\/libro\/la-doctora-residu\/#primaryimage"},"thumbnailUrl":"https:\/\/laorquideadedarwin.com\/wp-content\/uploads\/2019\/06\/portada-doctora.jpg","datePublished":"2019-06-04T11:00:19+00:00","dateModified":"2023-01-25T16:36:53+00:00","breadcrumb":{"@id":"https:\/\/laorquideadedarwin.com\/va\/libro\/la-doctora-residu\/#breadcrumb"},"inLanguage":"ca","potentialAction":[{"@type":"ReadAction","target":["https:\/\/laorquideadedarwin.com\/va\/libro\/la-doctora-residu\/"]}]},{"@type":"ImageObject","inLanguage":"ca","@id":"https:\/\/laorquideadedarwin.com\/va\/libro\/la-doctora-residu\/#primaryimage","url":"https:\/\/laorquideadedarwin.com\/wp-content\/uploads\/2019\/06\/portada-doctora.jpg","contentUrl":"https:\/\/laorquideadedarwin.com\/wp-content\/uploads\/2019\/06\/portada-doctora.jpg","width":555,"height":710,"caption":"doctora residu"},{"@type":"BreadcrumbList","@id":"https:\/\/laorquideadedarwin.com\/va\/libro\/la-doctora-residu\/#breadcrumb","itemListElement":[{"@type":"ListItem","position":1,"name":"Portada","item":"https:\/\/laorquideadedarwin.com\/va\/"},{"@type":"ListItem","position":2,"name":"Llibres","item":"https:\/\/laorquideadedarwin.com\/va\/llibres\/"},{"@type":"ListItem","position":3,"name":"La Doctora Residu. Edici\u00f3 Valenci\u00e0"}]},{"@type":"WebSite","@id":"https:\/\/laorquideadedarwin.com\/#website","url":"https:\/\/laorquideadedarwin.com\/","name":"La Orqu\u00eddea de Darwin","description":"Colecci\u00f3n de cuentos sobre temas ambientales","potentialAction":[{"@type":"SearchAction","target":{"@type":"EntryPoint","urlTemplate":"https:\/\/laorquideadedarwin.com\/?s={search_term_string}"},"query-input":{"@type":"PropertyValueSpecification","valueRequired":true,"valueName":"search_term_string"}}],"inLanguage":"ca"}]}},"_links":{"self":[{"href":"https:\/\/laorquideadedarwin.com\/va\/wp-json\/wp\/v2\/product\/2773","targetHints":{"allow":["GET"]}}],"collection":[{"href":"https:\/\/laorquideadedarwin.com\/va\/wp-json\/wp\/v2\/product"}],"about":[{"href":"https:\/\/laorquideadedarwin.com\/va\/wp-json\/wp\/v2\/types\/product"}],"author":[{"embeddable":true,"href":"https:\/\/laorquideadedarwin.com\/va\/wp-json\/wp\/v2\/users\/1"}],"replies":[{"embeddable":true,"href":"https:\/\/laorquideadedarwin.com\/va\/wp-json\/wp\/v2\/comments?post=2773"}],"wp:featuredmedia":[{"embeddable":true,"href":"https:\/\/laorquideadedarwin.com\/va\/wp-json\/wp\/v2\/media\/2775"}],"wp:attachment":[{"href":"https:\/\/laorquideadedarwin.com\/va\/wp-json\/wp\/v2\/media?parent=2773"}],"wp:term":[{"taxonomy":"product_brand","embeddable":true,"href":"https:\/\/laorquideadedarwin.com\/va\/wp-json\/wp\/v2\/product_brand?post=2773"},{"taxonomy":"product_cat","embeddable":true,"href":"https:\/\/laorquideadedarwin.com\/va\/wp-json\/wp\/v2\/product_cat?post=2773"},{"taxonomy":"product_tag","embeddable":true,"href":"https:\/\/laorquideadedarwin.com\/va\/wp-json\/wp\/v2\/product_tag?post=2773"}],"curies":[{"name":"wp","href":"https:\/\/api.w.org\/{rel}","templated":true}]}}

La Doctora Residu. Edició Valencià

<p>Una història on la doctora Residu tracta a uns personatges molt particulars: els contenidors de recollida selectiva, que parlen dels seus problemes de salut i les seues pors. El conte ajuda a conéixer els diferents contenidors de recollida selectiva, inclòs el nou contenidor per a la matèria orgànica. Les malalties dels contenidors estan associades a una «mala dieta»: indigestió, obesitat, desnutrició… pel que el conte també és una metàfora d&#8217;una alimentació equilibrada.</p>
<p>&nbsp;</p>
<p>&nbsp;</p>

<p>Els contenidors de la ciutat han emmalaltit. El groc i el verd tenen indigestió; el de restes obesitat; i el nou contenidor de matèria orgànica, desnutrició. La doctora Residu investigarà per a descobrir la causa del problema i trobar una solució.</p>
<p>Una història urbana per a aprendre i per a l&#8217;educació ambiental sobre la gestió dels residus sòlids, sobre com participar en les solucions i ajudar a millorar el medi ambient, el lloc on vivim.</p>
<p>&nbsp;</p>

<!-- This site is optimized with the Yoast SEO plugin v26.7 - https://yoast.com/wordpress/plugins/seo/ -->
<title>La Doctora Residu. Edició Valencià - La Orquídea de Darwin</title>
<meta name="robots" content="index, follow, max-snippet:-1, max-image-preview:large, max-video-preview:-1" />
<link rel="canonical" href="https://laorquideadedarwin.com/va/libro/la-doctora-residu/" />
<meta property="og:locale" content="en_US" />
<meta property="og:type" content="article" />
<meta property="og:title" content="La Doctora Residu. Edició Valencià - La Orquídea de Darwin" />
<meta property="og:description" content="Els contenidors de la ciutat han emmalaltit. El groc i el verd tenen indigestió; el de restes obesitat; i el nou contenidor de matèria orgànica, desnutrició. La doctora Residu investigarà per a descobrir la causa del problema i trobar una solució.  Una història urbana per a aprendre i per a l&#039;educació ambiental sobre la gestió dels residus sòlids, sobre com participar en les solucions i ajudar a millorar el medi ambient, el lloc on vivim.  &nbsp;" />
<meta property="og:url" content="https://laorquideadedarwin.com/va/libro/la-doctora-residu/" />
<meta property="og:site_name" content="La Orquídea de Darwin" />
<meta property="article:modified_time" content="2023-01-25T16:36:53+00:00" />
<meta property="og:image" content="https://laorquideadedarwin.com/wp-content/uploads/2019/06/portada-doctora.jpg" />
	<meta property="og:image:width" content="555" />
	<meta property="og:image:height" content="710" />
	<meta property="og:image:type" content="image/jpeg" />
<meta name="twitter:card" content="summary_large_image" />
<meta name="twitter:label1" content="Est. reading time" />
	<meta name="twitter:data1" content="1 minute" />
<script type="application/ld+json" class="yoast-schema-graph">{"@context":"https://schema.org","@graph":[{"@type":"WebPage","@id":"https://laorquideadedarwin.com/va/libro/la-doctora-residu/","url":"https://laorquideadedarwin.com/va/libro/la-doctora-residu/","name":"La Doctora Residu. Edició Valencià - La Orquídea de Darwin","isPartOf":{"@id":"https://laorquideadedarwin.com/#website"},"primaryImageOfPage":{"@id":"https://laorquideadedarwin.com/va/libro/la-doctora-residu/#primaryimage"},"image":{"@id":"https://laorquideadedarwin.com/va/libro/la-doctora-residu/#primaryimage"},"thumbnailUrl":"https://laorquideadedarwin.com/wp-content/uploads/2019/06/portada-doctora.jpg","datePublished":"2019-06-04T11:00:19+00:00","dateModified":"2023-01-25T16:36:53+00:00","breadcrumb":{"@id":"https://laorquideadedarwin.com/va/libro/la-doctora-residu/#breadcrumb"},"inLanguage":"ca","potentialAction":[{"@type":"ReadAction","target":["https://laorquideadedarwin.com/va/libro/la-doctora-residu/"]}]},{"@type":"ImageObject","inLanguage":"ca","@id":"https://laorquideadedarwin.com/va/libro/la-doctora-residu/#primaryimage","url":"https://laorquideadedarwin.com/wp-content/uploads/2019/06/portada-doctora.jpg","contentUrl":"https://laorquideadedarwin.com/wp-content/uploads/2019/06/portada-doctora.jpg","width":555,"height":710,"caption":"doctora residu"},{"@type":"BreadcrumbList","@id":"https://laorquideadedarwin.com/va/libro/la-doctora-residu/#breadcrumb","itemListElement":[{"@type":"ListItem","position":1,"name":"Portada","item":"https://laorquideadedarwin.com/va/"},{"@type":"ListItem","position":2,"name":"Llibres","item":"https://laorquideadedarwin.com/va/llibres/"},{"@type":"ListItem","position":3,"name":"La Doctora Residu. Edició Valencià"}]},{"@type":"WebSite","@id":"https://laorquideadedarwin.com/#website","url":"https://laorquideadedarwin.com/","name":"La Orquídea de Darwin","description":"Colección de cuentos sobre temas ambientales","potentialAction":[{"@type":"SearchAction","target":{"@type":"EntryPoint","urlTemplate":"https://laorquideadedarwin.com/?s={search_term_string}"},"query-input":{"@type":"PropertyValueSpecification","valueRequired":true,"valueName":"search_term_string"}}],"inLanguage":"ca"}]}</script>
<!-- / Yoast SEO plugin. -->

La Doctora Residu. Edició Valencià - La Orquídea de Darwin

Els contenidors de la ciutat han emmalaltit. El groc i el verd tenen indigestió; el de restes obesitat; i el nou contenidor de matèria orgànica, desnutrició. La doctora Residu investigarà per a descobrir la causa del problema i trobar una solució.  Una història urbana per a aprendre i per a l'educació ambiental sobre la gestió dels residus sòlids, sobre com participar en les solucions i ajudar a millorar el medi ambient, el lloc on vivim.  &nbsp;

La Orquídea de Darwin

Colección de cuentos sobre temas ambientales
